568660 is divided by 3313731?
5
Calculate the remainder when 1069902 is divided by 4421.
20
Calculate the remainder when 154279 is divided by 25711.
13
What is the remainder when 5044829 is divided by 10532?
1
What is the remainder when 2937775 is divided by 602?
15
What is the remainder when 9426800 is divided by 4713270?
260
What is the remainder when 15088700 is divided by 2514781?
14
Calculate the remainder when 292598 is divided by 97521.
35
Calculate the remainder when 4782281 is divided by 978.
839
Calculate the remainder when 22802352 is divided by 6.
0
What is the remainder when 123238084 is divided by 454753?
21
Calculate the remainder when 9927532 is divided by 4685.
17
Calculate the remainder when 28748095 is divided by 4271.
4265
What is the remainder when 14957568 is divided by 355?
353
Calculate the remainder when 39236298 is divided by 64007.
7
Calculate the remainder when 32675233 is divided by 15.
13
Calculate the remainder when 3707979 is divided by 8892.
15
What is the remainder when 2420190 is divided by 4209?
15
What is the remainder when 29255262 is divided by 326?
22
Calculate the remainder when 478611357 is divided by 876.
873
Calculate the remainder when 8933221 is divided by 69.
67
What is the remainder when 5335957 is divided by 394?
15
Calculate the remainder when 35481 is divided by 6624.
2361
What is the remainder when 441533 is divided by 212?
149
What is the remainder when 1358509 is divided by 969?
940
What is the remainder when 4362359 is divided by 46408?
7
Calculate the remainder when 10368 is divided by 2398.
776
Calculate the remainder when 425700 is divided by 25001.
683
What is the remainder when 228939 is divided by 114463?
13
What is the remainder when 65328743 is divided by 413?
403
Calculate the remainder when 1278301 is divided by 58103.
35
What is the remainder when 2364517 is divided by 347?
59
Calculate the remainder when 100091466 is divided by 59.
31
Calculate the remainder when 37690 is divided by 37662.
28
What is the remainder when 7998034 is divided by 29513?
11
Calculate the remainder when 85206 is divided by 6319.
3059
Calculate the remainder when 26716421 is divided by 162905.
1
What is the remainder when 51185889 is divided by 17061952?
33
What is the remainder when 333432057 is divided by 780?
777
Calculate the remainder when 431309 is divided by 804.
365
Calculate the remainder when 1649153 is divided by 5128.
3065
Calculate the remainder when 134928 is divided by 4978.
522
Calculate the remainder when 462730 is divided by 77111.
64
What is the remainder when 17849701 is divided by 678?
673
What is the remainder when 117448344 is divided by 29362080?
24
Calculate the remainder when 72762871 is divided by 5597143.
12
Calculate the remainder when 128791 is divided by 25707.
256
What is the remainder when 3633951 is divided by 358?
251
What is the remainder when 14271229 is divided by 10?
9
What is the remainder when 8214468 is divided by 14?
10
What is the remainder when 1264122 is divided by 35113?
54
What is the remainder when 17922 is divided by 3641?
3358
What is the remainder when 98545012 is divided by 2743?
2737
What is the remainder when 43151089 is divided by 3319314?
7
What is the remainder when 96537 is divided by 1886?
351
What is the remainder when 14208970 is divided by 55?
50
Calculate the remainder when 1658168 is divided by 276347.
86
Calculate the remainder when 227312 is divided by 1528.
1168
Calculate the remainder when 9450998 is divided by 10.
8
What is the remainder when 2269823 is divided by 16?
15
Calculate the remainder when 700779 is divided by 1102.
1009
Calculate the remainder when 51438230 is divided by 1599.
1598
Calculate the remainder when 175582 is divided by 58468.
178
Calculate the remainder when 246242 is divided by 246152.
90
What is the remainder when 169058 is divided by 55685?
2003
Calculate the remainder when 52918 is divided by 7543.
117
Calculate the remainder when 14154 is divided by 6874.
406
What is the remainder when 4203315 is divided by 2101598?
119
Calculate the remainder when 1479553 is divided by 37932.
205
What is the remainder when 69726 is divided by 3034?
2978
What is the remainder when 1665576 is divided by 111038?
6
What is the remainder when 33619967 is divided by 8?
7
What is the remainder when 30474 is divided by 2091?
1200
Calculate the remainder when 1802499 is divided by 28.
27
Calculate the remainder when 37858003 is divided by 121.
7
Calculate the remainder when 347061862 is divided by 9668.
9666
Calculate the remainder when 937045 is divided by 565.
275
What is the remainder when 77293688 is divided by 77293687?
1
Calculate the remainder when 19106542 is divided by 16.
14
Calculate the remainder when 2954726 is divided by 54717.
8
Calculate the remainder when 5338474 is divided by 73.
57
What is the remainder when 68952 is divided by 68546?
406
Calculate the remainder when 291983 is divided by 2729.
2709
What is the remainder when 513817 is divided by 92?
89
What is the remainder when 62236404 is divided by 1799?
1798
Calculate the remainder when 2553447 is divided by 243.
3
What is the remainder when 4252671 is divided by 1293?
1287
Calculate the remainder when 5465784 is divided by 260275.
9
Calculate the remainder when 143474 is divided by 71581.
312
What is the remainder when 4374483 is divided by 54?
51
What is the remainder when 5295 is divided by 5272?
23
What is the remainder when 674272 is divided by 613?
585
Calculate the remainder when 4073766 is divided by 61.
3
What is the remainder when 114145 is divided by 5624?
1665
What is the remainder when 9741074 is divided by 198?
68
Calculate the remainder when 4133831 is divided by 243153.
230
Calculate the remainder when 128163 is divided by 302.
115
Calculate the remainder when 290226 is divided by 25299.
11937
What is the remainder when 3036868 is divided by 168706?
160
What is the remainder when 102403 is divided by 8521?
151
Calculate the remainder when 5570840 is divided by 56271.
11
Calculate the remainder when 4037228 is divided by 288370.
48
Calculate the remainder when 86133 is divided by 356.
337
Calculate the remainder when 3068573 is divided by 3855.
3848
Calculate the remainder when 4665732 is divided by 47.
42
Calculate the remainder when 7679056 is divided by 159.
151
What is the remainder when 1177267 is divided by 253?
58
Calculate the remainder when 4855919 is divided by 3391.
7
Calculate the remainder when 48968977 is divided by 2636.
5
Calculate the remainder when 257905392 is divided by 4897.
4887
What is the remainder when 90377 is divided by 517?
419
What is the remainder when 80628 is divided by 20146?
44
What is the remainder when 1829972 is divided by 3279?
290
What is the remainder when 121611 is divided by 1322?
1309
What is the remainder when 2818678 is divided by 1409332?
14
What is the remainder when 18061036 is divided by 371?
14
Calculate the remainder when 152518 is divided by 3050.
18
What is the remainder when 4038209 is divided by 2?
1
What is the remainder when 404850 is divided by 134691?
777
Calculate the remainder when 36672490 is divided by 259.
162
What is the remainder when 7953703 is divided by 68?
15
Calculate the remainder when 953782 is divided by 158475.
2932
Calculate the remainder when 948018 is divided by 92.
50
What is the remainder when 253817 is divided by 11026?
219
Calculate the remainder when 3352523 is divided by 128939.
109
What is the remainder when 29537 is divided by 336?
305
What is the remainder when 58056 is divided by 866?
34
Calculate the remainder when 5506643 is divided by 27952.
99
Calculate the remainder when 14635726 is divided by 3658930.
6
Calculate the remainder when 1484950 is divided by 38.
24
Calculate the remainder when 13858891 is divided by 8039.
7694
What is the remainder when 4155841 is divided by 154?
151
What is the remainder when 813792 is divided by 77?
56
Calculate the remainder when 4390201 is divided by 761.
753
What is the remainder when 601281064 is divided by 11042?
11038
Calculate the remainder when 51291935 is divided by 17097290.
65
What is the remainder when 24174 is divided by 24063?
111
What is the remainder when 7235 is divided by 331?
284
Calculate the rema